is divided by r/3*3 - -13.
10
Suppose 0 = -q + 3*m - 2*m + 4, -m = -5*q + 8. Calculate the remainder when 59 is divided by q/(-3) + 122/6.
19
Let u = 4 + 0. Suppose -5*a + 6 + u = 0. Calculate the remainder when a is divided by 1.
0
Let w(y) = -13*y + 1. Let o(g) = -g + 3. Let s be o(5). What is the remainder when w(s) is divided by 15?
12
Suppose -3*b - b = -28. Let z = 3 + b. Suppose -a + z = 4*a. Calculate the remainder when 4 is divided by a.
0
Let d(l) = -48*l. Suppose 0*o - 2 = 2*o. Let b be d(o). Suppose 4*f - b = 2*f. What is the remainder when f is divided by 13?
11
Let q(s) = s**2 + 1. Let g = 1 - 0. Calculate the remainder when (-1 - -2) + 1 + 2 is divided by q(g).
0
Let c(k) = 10*k - 9. Calculate the remainder when c(5) is divided by 1 - -18 - -2*1.
20
Suppose -j + 2*f + 22 = 0, 0 = -2*j + 3*f - 2*f + 56. Calculate the remainder when (-2)/12 + 125/j is divided by 2.
0
Let z(f) = -f**3 - 4*f**2 - 2*f - 3. Let h be (-3)/(-4)*(1 + 3). Suppose 2*o = -h*q + 4, q = -4*o - q - 8. What is the remainder when z(o) is divided by 3?
2
Let j(q) = 10*q**3 + 2*q - 1. Calculate the remainder when -3*(1 - (-168)/(-9)) is divided by j(1).
9
Suppose -2*r + 30 = 2*z - 0*r, z + 4*r - 21 = 0. Calculate the remainder when z is divided by 8.
5
Let a = -4 - -9. Calculate the remainder when 18 is divided by a.
3
Let p(n) be the third derivative of n**5/30 + 3*n**4/8 + 5*n**3/6 + n**2. Calculate the remainder when p(-6) is divided by -12*(30/(-9))/5.
7
Let m = -3 - -10. What is the remainder when 30 is divided by m?
2
Suppose 217*i + 4 = 219*i. What is the remainder when 14 is divided by i?
0
Let h be (-1155)/(-12) - 1/4. Let m be (0/(1 + -2))/2. Suppose 5*v - v - h = m. Calculate the remainder when v is divided by 13.
11
Suppose 3*z - 2 = -o + 10, -3*z = 5*o. Suppose -2*s + 20 = -16. What is the remainder when (o/((-6)/(-106)))/(-1) is divided by s?
17
Suppose 2*b + 0*b = 4*x + 12, x - 7 = -2*b. Calculate the remainder when 3 is divided by 14/(-35)*5*x.
1
Suppose g + 83 = 7*q - 3*q, 2*q - 2*g = 46. What is the remainder when 38 is divided by q?
18
Let c = -17 - -17. Suppose -d + 60 = -v + 2*v, c = -2*v + 2*d + 140. Calculate the remainder when v is divided by 22.
21
Let s(g) = -4 + 0*g - 4*g + 0 + 8*g. Suppose -4*a = -2*x - 8 - 22, 2*a = -2*x. What is the remainder when 46 is divided by s(a)?
14
Let d = 66 + -45. What is the remainder when d is divided by 6?
3
Suppose -3*a = 2*g + 3*g + 71, g + 2*a + 17 = 0. Let m = g + 25. Calculate the remainder when 1/1 - -2*m is divided by 9.
7
Let h = 299 - 210. What is the remainder when h is divided by 46?
43
Let v(q) = -20*q - 16. What is the remainder when v(-5) is divided by 17?
16
Calculate the remainder when 5 is divided by 7 + (4 - 5)*3.
1
Suppose 3*v = -4 + 196. Suppose 0 = p - 2*a - 24, 5*p + 3*a + a - v = 0. Calculate the remainder when 31 is divided by p.
15
Calculate the remainder when 6*(-10)/(-15)*4 is divided by 9.
7
Let n(q) = -2*q - 7. Let i be n(-7). Let h = i - -6. What is the remainder when 38 is divided by h?
12
Suppose -4*w = -b - 402, 4*w - 347 = 5*b + 63. Suppose 0*t - 2*t = -w. What is the remainder when t is divided by 13?
11
Suppose 0 = b + 3, 159 + 15 = 4*z - 2*b. Calculate the remainder when z is divided by 15.
12
Let h be -3*((-651)/(-9))/(-7). Let b = -27 + h. What is the remainder when 7 is divided by b?
3
Let t = 9 + -5. Calculate the remainder when 136/10 + (-60)/100 is divided by t.
1
Suppose 61 = 3*o + 25. Suppose 3*w - 5*c - 21 = 23, 4*w + 4*c = 80. Suppose -v - w = -39. Calculate the remainder when v is divided by o.
9
Suppose -3*i = -0*i - 246. Suppose 0 = -3*j - 5*s - 11 + i, -s + 21 = j. Calculate the remainder when 65 is divided by j.
14
Suppose -j - 32 = -5*j. What is the remainder when 22 is divided by j?
6
Let r = -11 + -6. Let b = 69 - 39. Let v = b + r. What is the remainder when 37 is divided by v?
11
Suppose 89 = 2*y - 9. Let o = -28 + y. Let a = 153 + -141. What is the remainder when o is divided by a?
9
Calculate the remainder when 75 is divided by 10/(-40) - (-77)/4.
18
Let y(c) = 2*c. Suppose -3*x - 8 = -2*n - 4*x, -2*n + 6 = 2*x. What is the remainder when 37 is divided by y(n)?
7
Let y be 209 + -2 - (1 - 3). Suppose -y = -5*r - 14. What is the remainder when r is divided by 21?
18
Suppose 3*h + 6*c - 3*c = 33, 3*h - c = 49. What is the remainder when 27 is divided by h?
12
Let r = -171 - -242. Let d = r - -43. What is the remainder when d is divided by 29?
27
Suppose 3*h = -2*p + 8, 3*p + 4*h - 10 = p. What is the remainder when 5 is divided by p?
0
Let l = -2 + 8. Suppose -4*j = -2*v + 36, v + 2*j - 6 + 4 = 0. Calculate the remainder when v is divided by l.
4
Let h(x) be the first derivative of -4*x + x + 2*x**2 + x + 1. What is the remainder when h(3) is divided by 6?
4
Let f(z) = 14*z**2 - 2*z. Let d be f(-2). Let m = -36 + d. What is the remainder when 95 is divided by m?
23
Suppose 3*k - 3*i = 2*i + 123, -4*k + 190 = 2*i. What is the remainder when k is divided by 12?
10
Let v(z) = -2*z**2 - 2. Let o be v(2). Let d(p) = p**3 + 10*p**2 - 2*p - 11. Calculate the remainder when 42 is divided by d(o).
6
Let i = 51 - 21. What is the remainder when 149 is divided by i?
29
Let j be (0*3/(-9))/(-3). Suppose 6*w = 3*w + 114. What is the remainder when w is divided by (-2)/(j - 6/39)?
12
Let f = 16 + -2. What is the remainder when 39 is divided by f?
11
Let m(t) = 22*t - 8. What is the remainder when 39 + 2/(-4)*0 is divided by m(1)?
11
Suppose -3*s = -0*s - 9. Suppose 3*n + 3*j = 57, 5*j + s + 17 = 0. What is the remainder when 67 is divided by n?
21
Let y = 2 + -1. Suppose -y + 7 = b. Suppose 8*v - 11*v + 30 = 0. What is the remainder when v is divided by b?
4
Let r(n) = 33*n**3 + n**2 - 1. What is the remainder when r(1) is divided by 17?
16
Let n = 7 + -3. Suppose n*s = -5*l + 124, -l - 4*s - 44 = -2*l. Suppose 0 = -4*d + 27 + 13. Calculate the remainder when l is divided by d.
8
Suppose -6*r - 3*r = -252. What is the remainder when r is divided by 5?
3
Let g(q) = -5*q**2 + 44*q + 25. Let x(s) = s**2 - 11*s - 6. Let m(l) = 2*g(l) + 9*x(l). Calculate the remainder when m(-7) is divided by 13.
11
Let f = 0 - -5. Suppose -3*m + 35 = -4*d, 0*m = m + f*d + 20. Suppose l = -2*x + m*x + 55, -l + 4*x + 59 = 0. What is the remainder when l is divided by 15?
13
Suppose 0 = 6*f - 3*f - 69. Suppose 0 = 4*n - 0*n - 48. Suppose 0*r = r - n. Calculate the remainder when f is divided by r.
11
Let j(f) = -3*f**2 - 3*f + 7. Let u be j(5). Let w = -45 - u. Let c = -13 - -33. What is the remainder when w is divided by c?
18
Let j be (-1 - 0) + (-1 - -2). Suppose 0 = -j*b - 4*b + 8. What is the remainder when 19/7 + (-2)/(-7) is divided by b?
1
Suppose 88 = 3*k + 5*k. What is the remainder when 18 is divided by k?
7
Suppose 2*n - n = 17. Let o = n - 10. Calculate the remainder when o is divided by 2 - (-1 - (-2)/(-2)).
3
Let q = -35 - -58. Suppose k - 5 - 8 = 0. Calculate the remainder when q is divided by k.
10
Suppose -3*m - 6*n + n + 23 = 0, 0 = n + 2. Calculate the remainder when m is divided by (-4)/(-10)*-2*-5.
3
Let m(t) = t**3 + 8*t**2 + 6*t + 10. Let b be m(-7). Let n = 24 - b. What is the remainder when n is divided by 3?
1
Suppose 4*c - 6 = 2*c. Suppose s - c - 1 = m, 0 = 3*s + 5*m - 12. Suppose 2*t + 33 = 5*t. What is the remainder when t is divided by s?
3
Let w(t) = -t**3 - 3*t**2 + 2*t - 1. Calculate the remainder when 26 is divided by w(-4).
5
Suppose -2*v = -5*z - 50, 0 = -z - 0*z. Calculate the remainder when 199 is divided by v.
24
Let u = 2 + 1. Suppose -7*y + u*y = -164. Suppose -3*t = -0*t - 42. What is the remainder when y is divided by t?
13
What is the remainder when 14 is divided by 4/30 - (-43)/15?
2
Let r = -44 - -68. Calculate the remainder when r is divided by 8.
0
Suppose j = -0*j + 2. What is the remainder when (-8 - -5) + 12/j is divided by 2?
1
Suppose 3*h + 2*t = 222, -t - 389 = -5*h + 2*t. Suppose -92 = 5*c - 222. What is the remainder when h is divided by c?
24
Calculate the remainder when (32/5)/(2/10) is divided by 19.
13
Suppose -2*j + 6*j = 188. Suppose 3*n = 2*t - 7*t + 58, -3*n + 52 = 2*t. Calculate the remainder when j is divided by n.
15
Let m = 2 - 3. Let w = 0 - m. Calculate the remainder when 1 is divided by w.
0
Let o(c) = -c**3 + 7